.
-10404
Convert -2c62c3 (base 14) to base 13.
-42523b
18475501 (base 9) to base 14
1348a63
Convert 324141322 (base 5) to base 16.
154eee
-6c34c (base 13) to base 12
-96911
554536 (base 9) to base 10
331404
652352 (base 8) to base 6
4402510
Convert -7785e (base 16) to base 4.
-1313201132
Convert -2b4073 (base 12) to base 15.
-e71a9
What is d7bb (base 16) in base 2?
1101011110111011
What is 34562535 (base 7) in base 8?
13462557
-14013110 (base 7) to base 2
-100111100110011011001
990196 (base 11) to base 16
18218e
-230021210001 (base 4) to base 12
-3a61769
73020 (base 9) to base 6
1010500
Convert -a63ab (base 12) to base 7.
-1566263
Convert -54198 (base 14) to base 3.
-101022222211
What is 17ba55 (base 12) in base 10?
414497
What is 42363432 (base 7) in base 5?
1410024140
Convert -88028 (base 9) to base 12.
-29922
What is 329430 (base 11) in base 12?
213943
220120110101 (base 3) to base 12
1b3a91
What is -177cd3 (base 15) in base 6?
-40235013
What is -1203112 (base 4) in base 9?
-8644
What is -124500331 (base 7) in base 4?
-132120333133
-51ab96 (base 13) to base 2
-111010010000011110010
Convert -4071116 (base 8) to base 15.
-16455d
What is -13236101 (base 7) in base 14?
-23a571
-76bd2b (base 15) to base 16
-565b4a
2510330 (base 7) to base 8
1164556
Convert 101111100000010 (base 2) to base 9.
36324
Convert -5a477 (base 11) to base 2.
-10101010000101011
-12045231 (base 6) to base 3
-201021201101
What is 350240 (base 7) in base 16?
f458
Convert -3222ae (base 15) to base 5.
-1102333424
-350121 (base 13) to base 5
-310210010
Convert a7a316 (base 13) to base 10.
3935353
-21142013 (base 7) to base 11
-1014268
Convert 2001325 (base 6) to base 4.
112313111
Convert -310222 (base 4) to base 9.
-4554
What is -1139b (base 12) in base 11?
-16323
What is 420324444 (base 5) in base 16?
1a65cf
Convert -3101101101 (base 4) to base 14.
-184545
66051 (base 8) to base 2
110110000101001
606813 (base 9) to base 12
153b40
10110100011110110 (base 2) to base 14
25966
Convert 1010000011000110010 (base 2) to base 15.
67861
Convert 16c01 (base 14) to base 10.
57233
What is 121121211003 (base 4) in base 7?
110411106
What is -22302234 (base 5) in base 10?
-197194
133534 (base 9) to base 16
13dcb
What is -123525 (base 9) in base 15?
-1725b
What is -112375 (base 9) in base 14?
-1a7ab
What is -554143 (base 9) in base 6?
-11032450
Convert 2794a (base 16) to base 8.
474512
Convert 1212244 (base 8) to base 5.
41123324
Convert 512d17 (base 14) to base 9.
5128467
What is -10d8b56 (base 14) in base 6?
-444335000
Convert 17337116 (base 9) to base 7.
133664154
50374 (base 13) to base 4
203000233
What is -30411 (base 9) in base 3?
-1000110101
Convert 114359 (base 10) to base 16.
1beb7
Convert 1003320201 (base 4) to base 7.
2235432
What is -4120420 (base 5) in base 8?
-202651
Convert -875637 (base 9) to base 13.
-153a81
What is 37248 (base 12) in base 8?
221630
210777 (base 9) to base 14
3393a
Convert -6cb792 (base 16) to base 11.
-4027036
27a5e (base 15) to base 11
8763a
-b1722 (base 15) to base 2
-10001001001011000001
What is 26572164 (base 8) in base 16?
5af474
What is -1410361 (base 8) in base 14?
-a4c49
Convert -101313002 (base 4) to base 3.
-10201100102
Convert -6574a4 (base 11) to base 2.
-100000000001101010010
Convert -23221323133 (base 4) to base 15.
-405437
What is 234b04 (base 12) in base 13?
16b91c
Convert -12102230332 (base 4) to base 12.
-67667a
-247549 (base 10) to base 11
-159a95
Convert -12714533 (base 8) to base 12.
-b5964b
What is -610415 (base 8) in base 7?
-1464633
Convert 1010011010001010001101 (base 2) to base 5.
1144303324
-30404243 (base 5) to base 11
-159a03
111001100110100111101 (base 2) to base 16
1ccd3d
What is -2589492 (base 10) in base 6?
-131300220
Convert 1152415 (base 6) to base 3.
10010100202
87721 (base 11) to base 8
370523
-907195 (base 10) to base 8
-3353673
-249296 (base 12) to base 10
-596562
Convert 1312111 (base 6) to base 2.
10001100001001011
What is -2201020202001 (base 3) in base 7?
-15153265
What is 122122020020 (base 3) in base 12?
148ab0
-1104665 (base 7) to base 3
-20220210022
Convert -12bc1 (base 13) to base 8.
-104233
-b7524 (base 15) to base 6
-20244511
What is 1277bc (base 13) in base 10?
445132
What is -2741354 (base 8) in base 15?
-1035b6
42547271 (base 8) to base 14
12cb29b
Convert 31305412 (base 6) to base 15.
12edee
-152415431 (base 6) to base 5
-1310100001
What is -2d70a (base 16) in base 2?
-101101011100001010
Convert -410211450 (base 6) to base 7.
-113426520
Convert -440026 (base 12) to base 15.
-16476c
438548 (base 9) to base 16
40010
-49aaa1 (base 12) to base 2
-100100101001010011001
What is -31220232231 (base 4) in base 13?
-982110
Convert -6212 (base 7) to base 5.
-32130
What is 310130132 (base 4) in base 9?
356602
What is -333000302 (base 5) in base 7?
-15231512
What is 144135 (base 6) in base 12?
804b
What is 283083 (base 9) in base 10?
172848
24910 (base 14) to base 10
89586
Convert 4325b1 (base 15) to base 6.
152310504
-2368200 (base 12) to base 4
-122022010200
Convert -100113330210 (base 4) to base 12.
-1530030
212112312232 (base 4) to base 15
d39441
What is -22398 (base 14) in base 13?
-2ba4b
Convert 11210314421 (base 5) to base 12.
4271194
-210210210022101 (base 3) to base 8
-54153023
What is 201043 (base 8) in base 5?
4103313
What is 31133020220 (base 4) in base 6?
203435332
-a85a (base 11) to base 2
-11100000000111
-e3727 (base 16) to base 3
-1202022221120
Convert 8a1a7 (base 12) to base 13.
65659
What is 10127 (base 10) in base 7?
41345
Convert -156603 (base 8) to base 6.
-1114311
What is e6359 (base 15) in base 6?
23350303
Convert 57d3a (base 15) to base 3.
112012201101
Convert -2ba61 (base 14) to base 9.
-175538
Convert -100111101000001 (base 2) to base 9.
-30743
-390599 (base 10) to base 6
-12212155
What is -24eeb (base 16) in base 7?
-1200015
-10011011100010100000 (base 2) to base 16
-9b8a0
What is 55213510 (base 6) in base 8?
6227722
-63500715 (base 8) to base 13
-2a5b098
What is -21210011210 (base 3) in base 2?
-100101011010000011
Convert 106ca (base 14) to base 8.
115532
Convert -7b857a (base 13) to base 5.
-1222303434
Convert -11010001001011110011 (base 2) to base 3.
-1121112100001
2e6323 (base 16) to base 3
12201110010220
Convert -2ba15 (base 14) to base 16.
-1a9c3
Convert 4364003 (base 7) to base 3.
1000021100102
Convert -1dcbe (base 15) to base 9.
-157518
1245b3 (base 15) to base 14
18b05c
Convert -616180 (base 10) to base 6.
-21112404
Convert 1313002031 (base 5) to base 4.
30121201122
What is 29a696a (base 11) in base 6?
302201554
What is 131501 (base 7) in base 8?
60027
Convert -1a5512 (base 12) to base 8.
-1615236
-10201212222112 (base 3) to base 6
-110321235
21242233 (base 5) to base 7
1352350
-16146342 (base 8) to base 12
-12b6256
-100110111000001100001 (base 2) to base 3
-2101201112110
What is 155b4 (base 12) in base 6?
351544
What is 457072 (base 9) in base 16?
42ef9
88828 (base 11) to base 4
133130012
What is 1110000010001011111 (base 2) in base 16?
7045f
Convert -861603 (base 10) to base 15.
-120453
What is -56465 (base 7) in base 8?
-33742
Convert -162b63 (base 14) to base 12.
-31512b
What is 2403514 (base 7) in base 13?
a8391
Convert -136d31 (base 14) to base 9.
-1233877
What is -343000020 (base 5) in base 11?
-956505
What is 104301 (base 13) in base 6?
12053553
10433a (base 16) to base 7
12026151
Convert -113321100 (base 4) to base 12.
-48780
Convert 11afed (base 16) to base 6.
40502233
Convert -1022122002110 (base 3) to base 5.
-134420424
What is 68f0 (base 16) in base 2?
110100011110000
What is 333ca (base 13) in base 9?
151444
2610a8 (base 12) to base 2
10011000010101000000
What is 13554411 (base 6) in base 12?
1a5a07
20268 (base 12) to base 3
2010101122
What is -1013240 (base 6) in base 4?
-23320320
What is 3501366 (base 8) in base 4?
3220023312
Convert 10010213002 (base 4) to base 14.
1db030
114133120 (base 5) to base 2
10000011000001010100
Convert -8438472 (base 11) to base 15.
-148b701
-1067646 (base 8) to base 5
-33300401
Convert 13331224331 (base 5) to base 2.
1000001000011110011110110
Convert 2d8b17 (base 15) to base 3.
11011002120111
Convert -21020222210 (base 3) to base 2.
-100010111000011110
Convert c63f7 (base 16) to base 7.
6621262
What is -90bb7 (base 13) in base 8?
-7717